n divisor of v and 1.
1
Let j be (272/(-56))/(2/(-14)). Calculate the highest common factor of 2 and j.
2
Suppose 4*p = -2*p + 126. What is the greatest common divisor of p and 483?
21
Let b be (12/10)/((-12)/(-160)). Calculate the greatest common factor of b and 304.
16
Suppose 51*h + 7943 = 64*h. What is the highest common divisor of 13 and h?
13
Let b(j) = 41*j + 780. Let n be b(-19). What is the greatest common divisor of n and 3?
1
Suppose -27*x + 95*x = -1360. Let b(t) = t**2 + t + 5. Let y be b(-6). Let g = x + y. What is the highest common factor of 75 and g?
15
Let u be 1 + (0 - (-2 - -30)). Let w = u - -76. Calculate the greatest common divisor of w and 7.
7
Suppose -4*a - 864 = -g, 4*g - 2*g + 225 = -a. Let h = -67 - a. What is the highest common factor of 15 and h?
15
Let n be 4/26 + (3 - (-17850)/78). What is the highest common factor of 12 and n?
4
Let j = 77 + -19. Let z = j - -6. What is the highest common factor of z and 32?
32
Suppose 4*z = y + 5510 + 2000, y - 3758 = -2*z. What is the greatest common divisor of z and 6?
6
Let b be -4 + 1 - (-3 - -2)*7. Suppose -b*i + 4*w = -104, -4*w - 11 = 3*i - 54. What is the highest common divisor of 147 and i?
21
Suppose -923*p + 920*p + 480 = 0. Calculate the highest common factor of p and 40.
40
Let f be (-2 - 7)*220/(-30). What is the highest common divisor of f and 6?
6
Let z = 573 + -555. What is the greatest common divisor of 126 and z?
18
Let a(b) be the second derivative of 3*b**3/2 + 16*b**2 + 12*b. Let q be a(5). What is the highest common factor of 7 and q?
7
Suppose z - 11 = -k, -9 = z + 5*k - 4. Calculate the greatest common divisor of 25 and z.
5
Let b be ((-1)/(-3))/((-1)/(-21)). Suppose 58 = -0*f + 2*f. Let r = 36 - f. Calculate the highest common divisor of b and r.
7
Let k be ((-816)/120)/((-3)/105). Suppose 2*a = a + 34. What is the greatest common factor of k and a?
34
Let m be (-7 + 1 - -2)*4. Let y = m - -8. Let f(h) = -h**3 - 8*h**2 - h + 4. Let i be f(y). What is the highest common divisor of i and 18?
6
Suppose -3*x + 5*z + 162 = 0, 2*x + 4*z - 13 = 95. Calculate the greatest common factor of x and 1944.
54
Suppose -y + 11 = g + 5, -4*g - 2*y + 16 = 0. Let t be -2 - (26 + 2)/g. Let w = t - -22. What is the highest common factor of 3 and w?
3
Suppose -3*d + 8*d - 30 = 0. Suppose -a + d*a = 4*v - 155, 0 = -2*v + 5*a + 75. Calculate the greatest common factor of 10 and v.
10
Let r = -14 - -21. Suppose 3 = k + 3*s + 8, 2*s = 3*k - r. Let x be ((-12)/8)/((-9)/30). Calculate the highest common factor of k and x.
1
Let h(k) = -k**3 + 4*k**2 - 4*k + 6. Let z be h(2). Calculate the highest common divisor of 4 and z.
2
Let u = 4 - 2. Let k = 42 - u. Let l be (-30)/k*(1 + -57). Calculate the highest common divisor of l and 28.
14
Let u(b) be the second derivative of b**4/12 + 5*b**3/6 - 4*b**2 + 33*b. Let a be u(-7). Calculate the greatest common factor of a and 114.
6
Let l be 338 + -2 - 696/58. What is the greatest common factor of l and 288?
36
Let n(y) = -19*y + 38. Let t be n(1). Calculate the highest common factor of t and 2.
1
Let j be (-10)/(-15) + 16/3. Suppose 2*q = -r + 35, -5*q + 2*q - 5*r + 49 = 0. What is the greatest common factor of q and j?
6
Let h = -12 + 12. Suppose -105 = -3*k - 3*b, h*b + 15 = 3*b. Suppose 5*d + k - 80 = 0. What is the highest common divisor of d and 15?
5
Let z be (1/2)/(1/(-124)). Let g = 46 + -82. Let o = g - z. What is the highest common factor of 65 and o?
13
Suppose -3*c + 8 = -85. What is the greatest common divisor of c and 124?
31
Suppose 20*p = 17*p + 99. Calculate the highest common divisor of 429 and p.
33
Let c be (-1)/((-4)/(4 + 88)). Suppose -157 = -3*k + c. What is the greatest common factor of 15 and k?
15
Suppose -15*c + 770 = -4*c. Let n(k) = 4*k**3 - 2*k - 1. Let z be n(-1). Let p be (-2)/z - (-168)/18. What is the greatest common factor of p and c?
10
Let z(q) = -3*q**3 + 17*q**2 + 4*q + 29. Let c be z(6). What is the greatest common factor of 833 and c?
17
Suppose 5*d - 915 = -5*x + 1180, x - d = 421. What is the highest common divisor of x and 56?
28
Let k(p) = 4*p + 22. Let i = 19 + -19. Let b be k(i). What is the greatest common factor of 88 and b?
22
Suppose 0 = 5*w - 3*r - 3230, 0 = -2*w - 82*r + 77*r + 1323. Calculate the greatest common factor of w and 33.
11
Let h = 37 - 25. Suppose -10*r = -h*r + 70. Suppose 0*f - f - 3*g + 1 = 0, 0 = -5*f - 5*g + r. What is the greatest common factor of f and 2?
2
Let c = 496 + -456. Calculate the greatest common factor of c and 10.
10
Suppose -17*j - f = -21*j + 756, 567 = 3*j + 5*f. Calculate the greatest common factor of j and 1197.
63
Suppose -14*h - 878 = -3*g - 16*h, 3*g + h = 883. Calculate the highest common factor of 16 and g.
8
Let u(v) = 9*v**3 - 5*v**2 + 6*v - 7. Let b be u(4). Calculate the highest common factor of 57 and b.
57
Let q(i) = 27*i**2 + 2. Let b be q(2). Let z be (4 - -16)/(0 + 1 + 1). What is the greatest common factor of b and z?
10
Suppose 3*j = 4*o + 711 - 219, -15 = 5*o. Calculate the highest common divisor of 10 and j.
10
Let a(f) = 7*f**2 - 2*f - 1. Let h be a(-1). Let s = -14 + 16. Suppose -10*o + s = -9*o. Calculate the highest common factor of o and h.
2
Suppose 190 = 4*k + 34. Let v(h) = h**3 - 9*h**2 + 10*h + 10. Let o be v(8). Calculate the highest common factor of o and k.
13
Suppose 3*f - 11 - 4 = 0. Let o be 28 - 6/(-12)*-10 - -2. What is the highest common factor of o and f?
5
Let z(q) = -40*q - 190. Let v be z(-6). Calculate the greatest common divisor of v and 380.
10
Suppose -5*l + 2*l = -117. Suppose 0 = 5*h - 244 - 16. Let z be (-3 - -2)/((-2)/h). What is the highest common divisor of l and z?
13
Let v = 1476 - 1411. Calculate the highest common divisor of 455 and v.
65
Let f(t) = -t + 4. Let m be f(0). Suppose m*o - 529 = 1167. Suppose 0 = 3*u - o + 61. Calculate the greatest common factor of 11 and u.
11
Let t be ((-240)/56)/10 - 1238/(-14). What is the greatest common factor of t and 11?
11
Let i(u) = -u**3 - 5*u**2 + 2*u - 12. Suppose 0 = 3*h - 0*h + 3*b + 30, 2*b = -3*h - 26. Let z be i(h). Calculate the greatest common divisor of 4 and z.
4
Let q = 2 + 2. Suppose -4*z = 4*a - 32, -a = z + q*z - 8. Let k(b) = b**2 + 15*b - 98. Let h be k(-22). What is the greatest common factor of h and a?
8
Let c(y) = 2*y**2 - 64*y + 111. Let b be c(32). What is the highest common factor of 4551 and b?
111
Let y = 39 + -35. Let d be 3 + (y - -10) - 3. Calculate the greatest common divisor of 70 and d.
14
Let k(m) = 35*m - 470. Let t be k(14). What is the greatest common factor of t and 68?
4
Suppose 0 = 8*f - 3*f - 20. Calculate the highest common divisor of 236 and f.
4
Let x be (1*-5)/(((-104)/(-304))/(-13)). What is the highest common divisor of 10 and x?
10
Let z be -4*((-1710)/(-40))/(-9). What is the highest common divisor of 95 and z?
19
Let v(r) = -3*r + 15. Let x(b) = -3*b + 14. Let i(j) = -2*v(j) + 3*x(j). Let h be i(-6). Calculate the greatest common factor of 45 and h.
15
Let q be (16/(-8))/(12/14)*15. Let d be 1/((-146)/(-462) - (-10)/q). What is the highest common divisor of d and 11?
11
Suppose -2*n - 12 = -42. What is the greatest common factor of 60 and n?
15
Let t(j) = 2*j**2 - 88*j + 36. Let o be t(46). What is the highest common divisor of o and 132?
44
Suppose 3*b + h = 604, -4*h = -3*b + 649 - 35. Let w(m) = m + 2. Let n be w(6). Suppose -2*j + b = -n. What is the highest common factor of j and 15?
15
Let g = 1190 - 935. What is the highest common factor of 17 and g?
17
Let x be 12/(-10)*(-36 - -6). Let o(u) = -u**3 - 3*u**2 + u. Let i be o(-4). Calculate the highest common factor of x and i.
12
Let v(m) = -m**2 - 15*m - 8. Let b be v(-14). Suppose -2*d - a + 17 = 0, -3*d + 25 = -0*a + 2*a. Calculate the highest common factor of d and b.
3
Let q be (1 + 7)/((-14)/(-49)). Suppose -c - 25 + 277 = 0. Calculate the greatest common factor of c and q.
28
Suppose -2*n + 54 - 316 = 3*d, -3*d - 274 = -n. Let q be (-2 + 6/(-9))/(3/d). What is the greatest common divisor of 16 and q?
16
Let x = 711 - 555. What is the highest common divisor of 520 and x?
52
Let a = 113 - 90. Let j = a + -3. Let v(h) = h**3 - 5*h**2 - 4*h - 2. Let q be v(6). Calculate the highest common divisor of q and j.
10
Suppose 3*c - 8*i = -5*i + 23